- 30*f + 11. Suppose -t + 4*t - p = 47, -2*t + 26 = 2*p. Calculate k(t).
11
Let g(x) = -3*x + 32. Suppose -2*o = 3*l - 42, 99 - 36 = 4*l + 5*o. What is g(l)?
-4
Let x(b) = -9*b**2 + 45*b + 13. Let z be 16/2 - (-440)/(-88). Let o(l) = 5*l**2 - 24*l - 7. Let t(i) = z*x(i) + 5*o(i). Determine t(7).
11
Suppose 281 = -35*d + 176. Let c(s) = -3 - 2*s**2 - 2*s + 4*s - 5*s. What is c(d)?
-12
Let g(k) be the second derivative of -k**4/6 - 2*k**3/3 + k**2/2 - 44070*k. Let n be (2 + -2)*1/1. Suppose n = 2*b - 1 + 7. Calculate g(b).
-5
Let o(b) be the first derivative of -b**3/3 - 21*b**2/2 + 123*b - 5318. Give o(5).
-7
Let j(d) = -3*d**3 - 14*d**2 - 7*d + 13. Let z = -43 - -42. Let g = z - -6. Let k(a) = a**3 + 7*a**2 + 3*a - 7. Let u(f) = g*k(f) + 2*j(f). What is u(7)?
-2
Let u be (4 - (-128)/(-20))/(1/(-15)). Let h(j) = 2 + 21*j + 24*j - u*j. Determine h(2).
20
Suppose 3*j = -5*w - 3 + 5, 4*j = 3*w - 7. Let p(x) = 22*x + 29. Determine p(j).
7
Suppose -84*o = -96*o - 48. Let p(y) = -y**2 + 5*y + 5. Determine p(o).
-31
Let c(n) = n**3 + 11*n**2 + 11*n + 15. Let b(r) = -4*r**2 - 13*r + 3. Let h be b(-4). Give c(h).
78
Let f(v) = -v**3 + 3*v**2 + 7*v + 58. Let g be f(6). Let b(i) = i**3 + 9*i**2 - 4*i - 101. What is b(g)?
-5
Let c(u) = u**2 - 2 - u + 529*u**3 - 266*u**3 - 264*u**3. Let a(t) = 7*t**3 + 2*t**2 + 12*t + 5. Let l(o) = a(o) + 6*c(o). Determine l(-7).
0
Let c(s) be the third derivative of 4*s + 0 - 1/12*s**4 + s**2 + 1/6*s**3. What is c(2)?
-3
Let y(q) = -2*q**3 + 7*q**2 - 3. Let u be (-1 - 0)*(-67 - -67). Suppose -124*h + 114*h + 30 = u. Determine y(h).
6
Suppose 0 = -45*y + 146*y + 136 + 66. Let r(q) = -q**3 - 2*q**2 - 8*q - 5. What is r(y)?
11
Let v = 3 - -1. Let f(y) be the third derivative of -y**4/12 + 2*y**3/3 - 410*y**2 + 8*y + 1. What is f(v)?
-4
Let x(a) = a + 1. Suppose 0 = -635*t + 638*t - 3. Let z(r) = -13*r - 9. Let s(f) = t*z(f) + 6*x(f). Calculate s(-4).
25
Suppose 1 - 2 = -c. Let h be (8/(-6))/(c/6). Let p(a) = 870 - 266 + 2*a - a - 331 - 270. Give p(h).
-5
Let j(t) = t**2 + 2*t + 10. Let x be j(0). Let i(n) = -x*n - n**2 - 6 - 5*n**2 + 2*n**2 + 3*n**2. Give i(-7).
15
Let u(w) = -w - 26. Let y be u(-28). Let k(a) = y*a**2 - 3052 - a**2 + 7*a - 3*a + 3049. Let c(x) = -x**3 - x**2 + x + 2. Let t be c(0). Determine k(t).
9
Let g be -4 - (6/42)/((-3)/(-63)). Let b(d) = d**3 + 2*d**2 - 37*d + 7. Calculate b(g).
21
Let u(m) = -8*m + 73. Let s be u(8). Let k(j) = -6 - 2 - 12*j + s*j. Determine k(-6).
10
Let m(t) = -59*t - 126. Let i(b) = -41*b - 85. Let w(v) = -7*i(v) + 5*m(v). Give w(-6).
13
Let j(v) = 7*v**3 - 2*v**2 - 5*v + 1. Suppose -173*n = -167*n + 24. Let f(o) = -16*o**3 + 3*o**2 + 10*o - 3. Let u(z) = n*f(z) - 9*j(z). Determine u(-5).
3
Let x(c) = 59 - c + 48 - 154 + 53. Let n(r) = 6*r - 30. Let k(w) = -3*n(w) - 16*x(w). Give k(-5).
4
Let g be -7*(-8)/((-56)/(-3)). Suppose 6*z - 9 = -g*z. Let k(c) = -5*c - 1. What is k(z)?
-6
Let z(y) = 589*y + 2352. Let a be z(-4). Let h(k) = 22*k + 79. Give h(a).
-9
Let f(b) = -2*b**3 + 78*b**2 + 18*b - 715. Let r be f(39). Let z(q) = q**2 + 12*q + 36. Calculate z(r).
49
Let g(i) = -3*i**3 + 17*i**2 - 8*i - 6. Let o be g(5). Let n(k) = -o*k + 11*k + 2 - 10*k. Determine n(2).
-4
Let t(u) = 4*u - 204. Let k be t(-23). Let l be k/(-76) + (-10)/(-95). Let z(p) = 1 + p**2 + 1 - 5*p + 1. Determine z(l).
-1
Let l = 149/394 - -24/197. Let f(q) be the first derivative of l*q**2 + 4*q + 8. Calculate f(-4).
0
Let h(u) = 2. Let k(z) = z + 3. Let f(i) = -2*h(i) + k(i). Let y(g) = 3*g - 1. Let d(x) = 5*f(x) - 2*y(x). Suppose 0 = -3*q - q + 24. Give d(q).
-9
Let m(b) = -b**3 - 24*b**2 + 13*b - 306. Let h be m(-25). Let q(l) = 2*l**2 - 5*l + 4 + 2*l**2 - 5*l**2. What is q(h)?
-2
Let r(q) = 3*q + 1. Let h be r(1). Suppose 2*g - 14*l = -19*l + 37, -19 = -g - 2*l. Let z(a) = g*a - 2 - 16*a - 7*a + 8. Determine z(h).
-2
Let g(w) be the first derivative of -1/4*w**4 + 83 + 25*w - 8*w**2 - 6*w**3. Calculate g(-17).
8
Suppose 16 + 211 = 68*j - 45. Let u(r) = r**3 - r**2 - 15*r + 11. What is u(j)?
-1
Let k(w) = 2*w**2 - 37*w + 5. Let c(n) = -2*n**3 - 6*n**2 + 2*n + 24. Let i be c(-3). Calculate k(i).
-13
Let a(f) = -f**3 + f**2 + 4*f - 4. Let k be a(1). Let r be 8*((-1)/3 + k)*3. Let g(p) = p**2 + 10*p - 4. Calculate g(r).
-20
Let y(s) = -43*s - 258. Let z be y(-6). Suppose z = -n + 4*n. Let c(t) = -t**3 - t**2 + 7. What is c(n)?
7
Let f(k) = -3*k + 7. Suppose -2*n - 5*a = -5, 4*n - 5*a - 116 + 31 = 0. Let l be 9/n - (-44)/10. Calculate f(l).
-8
Suppose 558 = -2*t - 2*o, 3*t - o = -0*t - 853. Let g = -285 - t. Let r(b) = -b**2 + b + 1. Calculate r(g).
-5
Let j = -115 + 168. Let f = 55 - j. Let z(n) = -2*n**3 + 4*n**2 - 3*n + 1. Give z(f).
-5
Let t = 53 + -27. Let m(j) = -13*j + t*j - 5*j. What is m(4)?
32
Let j(q) be the third derivative of 0 - 5/8*q**4 - 265*q**2 + 0*q + 1/60*q**5 + 1/2*q**3. Give j(10).
-47
Let j(g) be the first derivative of -4*g**3/3 - g**2/2 - 893. Let s = -7 - -6. Let o be (-2)/((-2)/s) + -1. Determine j(o).
-14
Let n(j) = -418*j**2 - 2 + 425*j**2 + 2 + 7 - j**3 - 8. Let v(x) = 3*x + 1. Let w be v(2). Determine n(w).
-1
Let j(t) = 861*t + 956*t + 11 - 11*t**2 - t**3 - 1814*t. Calculate j(-11).
-22
Let i(g) be the third derivative of -g**4/24 - 4*g**3/3 - 29*g**2. Suppose -19*d - 2 - 283 = 0. Give i(d).
7
Suppose 67*m = 13*m + 216. Suppose m*b - 27 = 3*i, 5*b - 4*i - 41 = -7. Let k(c) be the third derivative of -c**4/12 - c**3/6 - c**2. What is k(b)?
-13
Let s(f) = 19*f - 1. Let k(r) = 16*r - 3. Let x(i) = -3*k(i) + 2*s(i). Let d(q) = 5*q - 4. Suppose 2*t = 3 + 3. Let z(y) = t*x(y) + 5*d(y). What is z(-2)?
11
Let s(h) = 310*h - 4965. Let i be s(16). Let q(r) = r**2 - r - 1. Let w(k) = 5*k**3 - 4*k**3 + 9*k**2 + 0*k**3 + 4*k. Let a(l) = -3*q(l) + w(l). Calculate a(i).
-7
Let n be (-11)/((-33)/2) + (-124)/6. Let f = n - -22. Let o(p) = -3 - p**f + 1 - 5*p + 1. Calculate o(-5).
-1
Suppose 0 = 2*a - 10. Let h(p) = -11 - 9*p + 18*p - 9*p + 2*p. Let l(q) = 1. Let d(v) = h(v) + 6*l(v). Give d(a).
5
Let y(k) = k**3 - 5*k**2 + 5*k - 1. Let u = 166 - 162. Suppose 7 = -u*r + 23. What is y(r)?
3
Suppose 0 = -3*x - u - 8, 7*u = -2*x + 3*u + 8. Let o(l) = -306*l + 20. Let n(i) = -46*i + 3. Let k(p) = -20*n(p) + 3*o(p). Calculate k(x).
-8
Let r(z) be the first derivative of z**3/6 - 3*z**2 + 50*z + 27. Let k(i) be the first derivative of r(i). Give k(6).
0
Let o(b) = 5*b**3 + 19*b**2 + 3*b + 74. Let w(n) = 11*n**3 + 39*n**2 + 7*n + 169. Let u(i) = -9*o(i) + 4*w(i). Calculate u(-15).
-5
Let l = 476 - 474. Let p be (-2368)/1036 + l/7. Let j(i) = i**3 + 8*i**2 + 2*i + 8. Let y(w) = w**3 + 9*w**2 + 2*w + 9. Let r(h) = -6*j(h) + 5*y(h). Give r(p).
-3
Let f = 141 - 103. Suppose -4*k + f*k = 0. Let c(h) = h**3 - h**2 - h + 21. Calculate c(k).
21
Let h(s) = -s**2 - 5*s - 17. Let m(b) = 3*b**2 - 185*b + 2776. Let x be m(26). What is h(x)?
-23
Let r = 1 + 3. Let z(i) = 0 - i - 1 + r*i. Suppose 23*c + 22 + 70 = 0. Give z(c).
-13
Let k(c) = -2*c + 1. Suppose 0 = -7*t - 108 + 24. Let y be (t/(-1))/(-4) + 3. Suppose n + 2 = -y*n. Determine k(n).
5
Let g(o) be the second derivative of -o**4/12 - 3*o**3/2 - 5*o**2/2 + 2*o. Suppose -8*q - 602 = 342. Let t = q - -110. What is g(t)?
3
Let u(i) = -3*i**2 - 5*i + 3. Let j(m) be the second derivative of 7*m**4/12 + 11*m**3/6 - 5*m**2/2 + 47*m. Let r(t) = -2*j(t) - 5*u(t). Give r(-5).
5
Suppose 35984*j - 896 = 36012*j. Let a(z) = 2*z + 46. Give a(j).
-18
Let f(g) be the first derivative of g**4/4 + g**2 + 2*g + 6309. Give f(-1).
-1
Let f = 16 - 15. Let l(m) = -11*m + 3 - f + 12*m. Let b = -273 - -277. What is l(b)?
6
Let v(q) be the third derivative of -q**4/24 - q**3/2 + 1057*q**2. Calculate v(-10).
7
Let i(u) = u**3 - 11*u**2 - 44*u + 22. Let a = 345 - 331. Let o be i(a). Let s(w) = -w**3 - 5*w**2 + 6*w - 9. Determine s(o).
-9
Let d(k) be the first derivative of -k**4/12 - k**3/3 - k**2 + 5*k + 7. Let b(a) be the first derivative of d(a). Let p be 92/(-22) - (-18)/99. What is b(p)?
-10
Let a(b) be the third derivative of b**5/60 + 11*b**4/12 + 5*b**3/2 - b**2 - 1309*b. Determine a(-18).
-57
Let d(r) = 2*r**3 + 3*r**2 - 2*r - 5. Let b(u) = 5*u**3 + 8*u**2 - 5*u - 14. Let a(i) = 3*b(i) - 8*d(i). Let m be (0/(-2))/(-34 + 64/2). Determine a(m).
-2
Let y(a) = -a - 1. Let k be y(